{"id":52,"date":"2020-03-20T11:42:25","date_gmt":"2020-03-20T10:42:25","guid":{"rendered":"http:\/\/gz-ms.de\/?page_id=52"},"modified":"2022-02-22T09:15:59","modified_gmt":"2022-02-22T08:15:59","slug":"leistungen","status":"publish","type":"page","link":"https:\/\/gz-ms.de\/?page_id=52","title":{"rendered":"LEISTUNGEN"},"content":{"rendered":"\n<p>Wenn Sie sich an uns wenden, hat man bei Ihnen meist einen Verdacht auf eine Gerinnungsst\u00f6rung festgestellt. Eine St\u00f6rung der Gerinnung kann vieles bedeuten: entweder gerinnt das Blut leichter als normalerweise, dann spricht man von einer <em>Thromboseneigung oder Thrombophilie<\/em>. Tritt die Gerinnung sp\u00e4ter ein als normal, also bluten z.B. Wunden l\u00e4nger als \u00fcblich oder bilden sich ausgepr\u00e4gte H\u00e4matome nach einem Sto\u00df, so spricht man von einer <em>Blutungsneigung<\/em>. Eine besondere Form einer Blutungsneigung ist die <em> H\u00e4mophilie A oder B.<\/em> Hierbei fehlen im Blut bestimmte Gerinnungsfaktoren bzw. sind nur in sehr geringer Konzentration vorhanden.<br>Gr\u00fcnde f\u00fcr die Untersuchung einer Gerinnungsst\u00f6rung gibt es viele.  <\/p>\n\n\n\n<p> Diese w\u00e4ren z. B. bei einer Thromboseneigung: <\/p>\n\n\n\n<ul class=\"wp-block-list\"><li> Spontanes Auftreten einer Thrombose ohne Grund <\/li><li> Geh\u00e4uftes Auftreten von Thrombosen in der Familie<\/li><li> Abkl\u00e4rung des Thromboserisikos vor Einnahme der Pille<\/li><li> Abkl\u00e4rung von wiederholten Fehlgeburten oder anderen Komplikationen w\u00e4hrend der Schwangerschaft <\/li><\/ul>\n\n\n\n<p>Gr\u00fcnde f\u00fcr die Abkl\u00e4rung einer Blutungsneigung w\u00e4ren u.a.:<\/p>\n\n\n\n<ul class=\"wp-block-list\"><li>H\u00e4ufiges Nasen- oder Zahnfleischbluten<\/li><li>Neigung zu H\u00e4matomen (&#8222;blauen Flecken&#8220;)<\/li><li>Blutungskomplikationen bei oder nach Operationen<\/li><li>Verst\u00e4rkte Regelblutung<\/li><li>Bereits in der Familie bekannte Blutgerinnungsst\u00f6rungen<\/li><\/ul>\n\n\n\n<p> Wir haben uns auf die Diagnostik solcher St\u00f6rungen des Gleichgewichts in der Gerinnung spezialisiert und suchen nach deren Ursachen. Ist bei Ihnen bereits eine Gerinnungsst\u00f6rung diagnostiziert worden, wurden Ihnen eventuell bestimmte Medikamente verordnet  (z.B. Marcumar  oder Heparin nach einer Thrombose). Wir \u00fcberwachen die Wirksamkeit dieser  medikament\u00f6sen Therapie und passen ggf. die Dosierung an. <\/p>\n\n\n\n<p>Ihr Besuch in unserer Praxis l\u00e4uft in der Regel folgenderma\u00dfen ab:<\/p>\n\n\n\n<h2 class=\"wp-block-heading\" id=\"1-gesprach\">1. Gespr\u00e4ch<\/h2>\n\n\n\n<p>Bei Ihrem ersten Besuch bei uns nehmen wir uns Zeit, den aktuellen Sachverhalt aufzunehmen, erarbeiten zusammen mit Ihnen Ihre Krankenvorgeschichte und sichten ggf. die von Ihnen mitgebrachten Unterlagen. Dies geschieht in einem ausf\u00fchrlichen Gespr\u00e4ch. Wenn Sie einen Medikationsplan besitzen, so bringen Sie diesen gerne mit!<\/p>\n\n\n\n<h2 class=\"wp-block-heading\" id=\"2-diagnostik\">2. Diagnostik<\/h2>\n\n\n\n<p>Nachdem alle Punkte aufgenommen sind, werden Sie zur Blutentnahme gebeten. Diese erfolgt in der Regel direkt im Anschluss an das Arztgespr\u00e4ch. In unserem eigenen Labor f\u00fcr Spezialgerinnung werden alle ben\u00f6tigten Werte von uns meist noch am gleichen Tag bestimmt. F\u00fcr Blutwerte, die nicht bei uns analysiert werden k\u00f6nnen, erfolgt die Weiterleitung Ihrer Blutprobe an andere Laboratorien. Je nach  Art und Umfang kann es bis zu sechs Wochen dauern, bis alle Ergebnisse vorliegen.<br><strong>F\u00fcr die Blutabnahme m\u00fcssen Sie nicht n\u00fcchtern erscheinen, Sie d\u00fcrfen (und sollten sogar) normal essen und trinken!<\/strong><\/p>\n\n\n\n<h2 class=\"wp-block-heading\" id=\"3-beratung-und-therapie\">3. Beratung und Therapie<\/h2>\n\n\n\n<p>Bei der Beurteilung werden Ihre Symptome und Laborergebnisse in Zusammenhang gebracht. Dabei hat nicht jeder auff\u00e4llige Laborwert einen Krankheitswert. Um die Therapiempfehlung bestm\u00f6glich auf Sie abzustimmen, findet nach ca. sechs Wochen ein Besprechungstermin statt, bei dem Ihre Ergebnisse besprochen und ggf. weitere Ma\u00dfnahmen veranlasst werden.  <\/p>\n\n\n\n<p><\/p>\n","protected":false},"excerpt":{"rendered":"<p>Wenn Sie sich an uns wenden, hat man bei Ihnen meist einen Verdacht auf eine Gerinnungsst\u00f6rung festgestellt. Eine St\u00f6rung der Gerinnung kann vieles bedeuten: entweder [&#8230;]<\/p>\n","protected":false},"author":1,"featured_media":0,"parent":0,"menu_order":0,"comment_status":"closed","ping_status":"closed","template":"","meta":{"footnotes":""},"class_list":["post-52","page","type-page","status-publish","hentry"],"_links":{"self":[{"href":"https:\/\/gz-ms.de\/index.php?rest_route=\/wp\/v2\/pages\/52","targetHints":{"allow":["GET"]}}],"collection":[{"href":"https:\/\/gz-ms.de\/index.php?rest_route=\/wp\/v2\/pages"}],"about":[{"href":"https:\/\/gz-ms.de\/index.php?rest_route=\/wp\/v2\/types\/page"}],"author":[{"embeddable":true,"href":"https:\/\/gz-ms.de\/index.php?rest_route=\/wp\/v2\/users\/1"}],"replies":[{"embeddable":true,"href":"https:\/\/gz-ms.de\/index.php?rest_route=%2Fwp%2Fv2%2Fcomments&post=52"}],"version-history":[{"count":20,"href":"https:\/\/gz-ms.de\/index.php?rest_route=\/wp\/v2\/pages\/52\/revisions"}],"predecessor-version":[{"id":2876,"href":"https:\/\/gz-ms.de\/index.php?rest_route=\/wp\/v2\/pages\/52\/revisions\/2876"}],"wp:attachment":[{"href":"https:\/\/gz-ms.de\/index.php?rest_route=%2Fwp%2Fv2%2Fmedia&parent=52"}],"curies":[{"name":"wp","href":"https:\/\/api.w.org\/{rel}","templated":true}]}}